{"id":1011,"date":"2024-04-11T08:51:27","date_gmt":"2024-04-11T08:51:27","guid":{"rendered":"https:\/\/laprovina.com\/?post_type=product&#038;p=1011"},"modified":"2024-04-11T08:51:28","modified_gmt":"2024-04-11T08:51:28","slug":"o-cam-socket-chong-tinh-dien-2-lo","status":"publish","type":"product","link":"https:\/\/laprovina.com\/?product=o-cam-socket-chong-tinh-dien-2-lo","title":{"rendered":"\u1ed4 C\u1eaeM (SOCKET) CH\u1ed0NG T\u0128NH \u0110I\u1ec6N 2 L\u1ed6"},"content":{"rendered":"<h2><strong>\u1ed4\u00a0<\/strong><strong>c<\/strong><strong>\u1eaf<\/strong><strong>m ch<\/strong><strong>\u1ed1<\/strong><strong>ng t\u0129nh \u0111i<\/strong><strong>\u1ec7<\/strong><strong>n 2 l<\/strong><strong>\u1ed7<\/strong><\/h2>\n<p>V\u00ec c\u00e1c linh ki\u1ec7n \u0111i\u1ec7n t\u1eedn\u00e0y r\u1ea5t nh\u1ea1y c\u1ea3m v\u1edbi d\u00f2ng \u0111i\u1ec7n v\u00e0 \u0111i\u1ec7n th\u1ebf\u00a0n\u00ean trong m\u00f4i tr\u01b0\u1eddng s\u1ea3n xu\u1ea5t c\u00e1c thi\u1ebft b\u1ecb\u00a0\u0111i\u1ec7n t\u1eed, ch\u1ea5t b\u00e1n d\u1eabn,&#8230; c\u00e1c linh ki\u1ec7n n\u00e0y d\u1ec5\u00a0b\u1ecb\u00a0nhi\u1ec5m \u0111i\u1ec7n g\u00e2y ra c\u00e1c\u00a0\u1ea3nh h\u01b0\u1edfng kh\u00f4ng mong mu\u1ed1n trong c\u00e1c qu\u00e1 tr\u00ecnh s\u1ea3n xu\u1ea5t. Kh\u00f4ng ch\u1ec9\u00a0l\u00e0 c\u00e1c s\u1ea3n ph\u1ea9m t\u1ea1o ra b\u1ecb\u00a0\u1ea3nh h\u01b0\u1edfng x\u1ea5u, m\u00e0 c\u00f2n s\u1ee9c kh\u1ecfe ng\u01b0\u1eddi lao \u0111\u1ed9ng c\u0169ng b\u1ecb\u00a0\u1ea3nh h\u01b0\u1edfng kh\u00f4ng \u00edt n\u00ean c\u00e1c k\u1ef9\u00a0s\u01b0 c\u1ee7a c\u00e1c nh\u00e0 s\u1ea3n xu\u1ea5t \u0111\u00e3 ngh\u0129 ra nhi\u1ec1u gi\u1ea3i ph\u00e1p \u0111\u1ec3\u00a0c\u00f3 th\u1ec3\u00a0kh\u1eafc ph\u1ee5c c\u00e1c\u00a0\u1ea3nh h\u01b0\u1edfng x\u1ea5u n\u00e0y. V\u00e0 m\u1ed9t trong nh\u1eefng gi\u1ea3i ph\u00e1p h\u1eefu hi\u1ec7u cho c\u00e1c nh\u00e0 s\u1ea3n xu\u1ea5t, \u0111\u00f3 ch\u00ednh l\u00e0\u00a0\u1ed5c\u1eafm (socket) ch\u1ed1ng t\u0129nh \u0111i\u1ec7n 2 l\u1ed7.<\/p>\n<p>\u1ed4c\u1eafm (socket) ch\u1ed1ng t\u0129nh \u0111i\u1ec7n 2 l\u1ed7\u00a0l\u00e0 s\u1ea3n ph\u1ea9m thu\u1ed9c d\u00f2ng s\u1ea3n ph\u1ea9m d\u00e2y &#8211; v\u00f2ng ch\u1ed1ng t\u0129nh \u0111i\u1ec7n trong s\u1ed1\u00a0nh\u1eefng thi\u1ebft b\u1ecb\u00a0ph\u00f2ng s\u1ea1ch.\u00a0\u1ed4c\u1eafm (Socket) ch\u1ed1ng t\u0129nh \u0111i\u1ec7n 2 l\u1ed7\u00a0l\u00e0 s\u1ea3n ph\u1ea9m \u0111\u01b0\u1ee3c s\u1eedd\u1ee5ng trong c\u00e1c nh\u00e0 m\u00e1y, x\u01b0\u1edfng s\u1ea3n xu\u1ea5t c\u00e1c linh ki\u1ec7n \u0111i\u1ec7n t\u1eed.<\/p>\n<p>\u1ed4c\u1eafm (socket) ch\u1ed1ng t\u0129nh \u0111i\u1ec7n 2 l\u1ed7\u00a0c\u00f3 c\u00e1c \u0111\u1eb7c \u0111i\u1ec3m v\u1edbi c\u00e1c th\u00f4ng s\u1ed1\u00a0sau:<\/p>\n<p>&#8211;\u00a0\u1ed4c\u1eafm (socket) ch\u1ed1ng t\u0129nh \u0111i\u1ec7n 2 l\u1ed7\u00a0c\u00f3 m\u00e0u \u0111en<\/p>\n<p>&#8211;\u00a0 \u0110\u01b0\u1eddng k\u00ednh d\u00e2yn\u1ed1i: 10mm<\/p>\n<p>&#8211; Chi\u1ec1u d\u00e0i d\u00e2y \u00a0n\u1ed1i: 1,8 m<\/p>\n<p>&#8211;\u00a0\u1ed4c\u1eafm (socket) ch\u1ed1ng t\u0129nh \u0111i\u1ec7n 2 l\u1ed7\u00a0c\u00f2n \u0111\u01b0\u1ee3c g\u1ecdi l\u00e0 c\u1ee5c ngu\u1ed3n n\u1ed1i \u0111\u1ea5t \u0111\u01b0\u1ee3c ch\u1ebft\u1ea1o t\u1eebv\u1eadt li\u1ec7u th\u00e9p kh\u00f4ng g\u1ec9, \u0111\u01b0\u1ee3c ph\u1ee7\u00a0m\u1ed9t l\u1edbp s\u01a1n ch\u1ed1ng t\u0129nh \u0111i\u1ec7n b\u00ean ngo\u00e0i. D\u00e2y n\u1ed1i d\u00e0i 1,5m gi\u00fap ng\u01b0\u1eddi d\u00f9ng tho\u1ea3i m\u00e1i khi s\u1eed\u00a0d\u1ee5ng s\u1ea3n ph\u1ea9m.<\/p>\n<p>&#8211;\u00a0\u1ed4c\u1eafm (socket) ch\u1ed1ng t\u0129nh \u0111i\u1ec7n 2 l\u1ed7c\u00f3 kh\u1ea3n\u0103ng ch\u1ed1ng \u0111i\u1ec7n t\u00edch kho\u1ea3ng 10^6 \u0111\u1ebfn 10^9 Ohm.<\/p>\n<p>&#8211;\u00a0\u1ed4c\u1eafm (socket) ch\u1ed1ng t\u0129nh \u0111i\u1ec7n 2 l\u1ed7d\u00f9ng \u0111\u1ec3ti\u1ebfp \u0111\u1ea5t v\u1edbi th\u1ea3m cao su\/\u00a0\u1ed5c\u1eafm\/ c\u1ee5c ngu\u1ed3n ti\u1ebfp \u0111\u1ea5t, c\u00f3 nhi\u1ec1u m\u1eabu m\u00e3\/ ch\u1ee7ng lo\u1ea1i kh\u00e1c nhau:\u00a0\u1ed52 l\u1ed7,\u00a0\u1ed53 l\u1ed7,\u00a0\u1ed54 l\u1ed7,&#8230;<\/p>\n","protected":false},"excerpt":{"rendered":"<p>\u1ed4\u00a0c\u1eafm ch\u1ed1ng t\u0129nh \u0111i\u1ec7n 2 l\u1ed7 V\u00ec c\u00e1c linh ki\u1ec7n \u0111i\u1ec7n t\u1eedn\u00e0y r\u1ea5t nh\u1ea1y c\u1ea3m v\u1edbi d\u00f2ng \u0111i\u1ec7n v\u00e0 \u0111i\u1ec7n th\u1ebf\u00a0n\u00ean trong m\u00f4i tr\u01b0\u1eddng s\u1ea3n xu\u1ea5t c\u00e1c thi\u1ebft b\u1ecb\u00a0\u0111i\u1ec7n t\u1eed, ch\u1ea5t b\u00e1n d\u1eabn,&#8230; c\u00e1c linh ki\u1ec7n n\u00e0y d\u1ec5\u00a0b\u1ecb\u00a0nhi\u1ec5m \u0111i\u1ec7n g\u00e2y ra c\u00e1c\u00a0\u1ea3nh h\u01b0\u1edfng kh\u00f4ng mong mu\u1ed1n trong c\u00e1c qu\u00e1 tr\u00ecnh s\u1ea3n xu\u1ea5t. Kh\u00f4ng ch\u1ec9\u00a0l\u00e0 c\u00e1c&#8230;<\/p>\n","protected":false},"featured_media":1012,"comment_status":"open","ping_status":"closed","template":"","meta":{"_acf_changed":false},"product_brand":[],"product_cat":[80],"product_tag":[],"class_list":{"0":"post-1011","1":"product","2":"type-product","3":"status-publish","4":"has-post-thumbnail","6":"product_cat-day-vong","8":"first","9":"instock","10":"shipping-taxable","11":"product-type-simple"},"acf":[],"_links":{"self":[{"href":"https:\/\/laprovina.com\/index.php?rest_route=\/wp\/v2\/product\/1011","targetHints":{"allow":["GET"]}}],"collection":[{"href":"https:\/\/laprovina.com\/index.php?rest_route=\/wp\/v2\/product"}],"about":[{"href":"https:\/\/laprovina.com\/index.php?rest_route=\/wp\/v2\/types\/product"}],"replies":[{"embeddable":true,"href":"https:\/\/laprovina.com\/index.php?rest_route=%2Fwp%2Fv2%2Fcomments&post=1011"}],"wp:featuredmedia":[{"embeddable":true,"href":"https:\/\/laprovina.com\/index.php?rest_route=\/wp\/v2\/media\/1012"}],"wp:attachment":[{"href":"https:\/\/laprovina.com\/index.php?rest_route=%2Fwp%2Fv2%2Fmedia&parent=1011"}],"wp:term":[{"taxonomy":"product_brand","embeddable":true,"href":"https:\/\/laprovina.com\/index.php?rest_route=%2Fwp%2Fv2%2Fproduct_brand&post=1011"},{"taxonomy":"product_cat","embeddable":true,"href":"https:\/\/laprovina.com\/index.php?rest_route=%2Fwp%2Fv2%2Fproduct_cat&post=1011"},{"taxonomy":"product_tag","embeddable":true,"href":"https:\/\/laprovina.com\/index.php?rest_route=%2Fwp%2Fv2%2Fproduct_tag&post=1011"}],"curies":[{"name":"wp","href":"https:\/\/api.w.org\/{rel}","templated":true}]}}