{"id":1013,"date":"2024-04-11T08:54:56","date_gmt":"2024-04-11T08:54:56","guid":{"rendered":"https:\/\/laprovina.com\/?post_type=product&#038;p=1013"},"modified":"2025-10-13T05:46:55","modified_gmt":"2025-10-13T05:46:55","slug":"day-tiep-dat-chong-tinh-dien-2-dau-tron","status":"publish","type":"product","link":"https:\/\/laprovina.com\/?product=day-tiep-dat-chong-tinh-dien-2-dau-tron","title":{"rendered":"D\u00c2Y TI\u1ebeP \u0110\u1ea4T CH\u1ed0NG T\u0128NH \u0110I\u1ec6N 2 \u0110\u1ea6U TR\u00d2N"},"content":{"rendered":"<h1>\u00a0<strong>D\u00e2y ti\u1ebfp \u0111\u1ea5t ch\u1ed1ng t\u0129nh \u0111i\u1ec7n 2 \u0111\u1ea7u tr\u00f2n<\/strong><\/h1>\n<p><img loading=\"lazy\" decoding=\"async\" class=\"aligncenter size-full wp-image-1014\" src=\"https:\/\/laprovina.com\/wp-content\/uploads\/2024\/04\/day-tiep-dat.jpg\" alt=\"\" width=\"600\" height=\"619\" \/><img decoding=\"async\" src=\"https:\/\/megaline.com.vn\/upload\/images\/day%20tiep%20dia%20chong%20tinh%20dien%202%20dau%20tron.jpg\" alt=\"\" \/><\/p>\n<p align=\"center\"><em>D\u00e2y ti\u1ebfp \u0111\u1ea5t cho th\u1ea3m cao su<\/em><\/p>\n<p>S\u1ea3n ph\u1ea9m d\u00e2y ti\u1ebfp \u0111\u1ea5t cho th\u1ea3m cao su \u0111\u01b0\u1ee3c s\u1eed d\u1ee5ng trong m\u00f4i tr\u01b0\u1eddng c\u00f4ng nghi\u1ec7p, n\u1ed1i gi\u1eefa m\u1eb7t th\u1ea3m cao su v\u00e0 m\u1eb7t s\u00e0n ti\u1ebfp \u0111\u1ea5t, ho\u1eb7c trong qu\u00e1 tr\u00ecnh l\u00e0m vi\u1ec7c t\u1ea1i v\u1ecb tr\u00ed n\u1ed1i t\u1eeb b\u00e0n thao t\u00e1c v\u1edbi s\u00e0n nh\u00e0 nh\u1eb1m gi\u1ea3m \u0111\u1ed9 ch\u1ed1ng t\u0129nh \u0111i\u1ec7n cho b\u1ec1 m\u1eb7t thao t\u00e1c theo \u0111\u00fang ti\u00eau chu\u1ea9n c\u1ee7a ch\u1ed1ng t\u0129nh \u0111i\u1ec7n c\u00f4ng nghi\u1ec7p hi\u1ec7n nay, y\u00eau c\u1ea7u k\u1ef9 thu\u1eadt c\u1ee7a kh\u00e1ch h\u00e0ng th\u01b0\u1eddng s\u1eed d\u1ee5ng:<\/p>\n<p>D\u01b0\u1edbi \u0111\u00e2y l\u00e0 th\u00f4ng tin c\u1ee7a s\u1ea3n ph\u1ea9m\u00a0<a title=\"d\u00e2y ti\u1ebfp \u0111\u1ea5t ch\u1ed1ng t\u0129nh \u0111i\u1ec7n\" href=\"http:\/\/megaline.com.vn\/day-tiep-dat-chong-tinh-dien-142.html\" target=\"_blank\" rel=\"noopener\">d\u00e2y ti\u1ebfp \u0111\u1ea5t ch\u1ed1ng t\u0129nh \u0111i\u1ec7n<\/a>, thi\u1ebft b\u1ecb ph\u1ee5 ki\u1ec7n ch\u1ed1ng t\u0129nh \u0111i\u1ec7n trong c\u00e1c nh\u00e0 m\u00e1y \u0111i\u1ec7n t\u1eed hi\u1ec7n nay.<\/p>\n<ul>\n<li><strong>\u00a0Th\u00f4ng tin s\u1ea3n ph\u1ea9m:<\/strong><\/li>\n<\/ul>\n<p>&#8211; D\u00e2y ti\u1ebfp\u00a0\u0111\u1ea5t cho th\u1ea3m cao su c\u00f3 2 \u0111\u1ea7u n\u1ed1i gi\u1ed1ng nhau<\/p>\n<p>&#8211; D\u00e2y ti\u1ebfp \u0111\u1ea5t m\u1ed9t \u0111\u1ea7u k\u1eb9p m\u1ed9t \u0111\u1ea7u cho th\u1ea3m s\u00e0n<\/p>\n<p>&#8211; \u0110\u01b0\u1eddng k\u00ednh \u0111\u1ea7u n\u1ed1i: 10mm<\/p>\n<p>&#8211; Chi\u1ec1u d\u00e0i: 1,8 m<\/p>\n<p>C\u00f4ng ty TNHH Lapro Vina lu\u00f4n \u0111\u1ed3ng h\u00e0nh c\u00f9ng doanh nghi\u1ec7p tr\u00ean nh\u1eefng ch\u1eb7ng \u0111\u01b0\u1eddng ph\u00e1t tri\u1ec3n, v\u00e0 s\u1ebd mang \u0111i\u1ec1u an t\u00e2m \u0111\u1ebfn cho b\u1ea1n, khi b\u1ea1n ch\u1ecdn mua s\u1ea3n ph\u1ea9m d\u00e2y ti\u1ebfp \u0111\u1ea5t cho th\u1ea3m cao su c\u1ee7a ch\u00fang t\u00f4i, l\u00e0 s\u1ea3n ph\u1ea9m ch\u1ea5t l\u01b0\u1ee3ng t\u1ed1t, \u0111\u1ea1t ti\u00eau chu\u1ea9n \u0111\u1ed9 b\u1ec1n v\u00e0 ch\u1ed1ng t\u0129nh \u0111i\u1ec7n cao. B\u1ea3o h\u1ed9 Nam L\u00e2n s\u1ebd b\u00e1n ra cho c\u00e1c b\u1ea1n v\u1edbi m\u1ee9c gi\u00e1 th\u1ea5p h\u01a1n tr\u00ean th\u1ecb tr\u01b0\u1eddng \u0111\u1ec3 ch\u00fang ta l\u00e0m \u0103n l\u00e2u d\u00e0i. Ngo\u00e0i ra, kh\u00e1ch h\u00e0ng c\u00f3 th\u1ec3 \u0111\u1eb7t m\u1eabu ri\u00eang cho c\u00e1c s\u1ea3n ph\u1ea9m ph\u00f2ng s\u1ea1ch, ch\u1ed1ng t\u0129nh \u0111i\u1ec7n, b\u1ea3o h\u1ed9 lao \u0111\u1ed9ng c\u1ee7a ch\u00fang t\u00f4i.<\/p>\n<p><strong><em>\u00a0\u00a0\u00a0\u00a0\u00a0\u00a0\u00a0 H\u00e3y g\u1ecdi cho ch\u00fang t\u00f4i ngay khi b\u1ea1n c\u1ea7n v\u1edbi gi\u00e1 t\u1ed1t nh\u1ea5t<\/em><\/strong><\/p>\n","protected":false},"excerpt":{"rendered":"<p>\u00a0D\u00e2y ti\u1ebfp \u0111\u1ea5t ch\u1ed1ng t\u0129nh \u0111i\u1ec7n 2 \u0111\u1ea7u tr\u00f2n D\u00e2y ti\u1ebfp \u0111\u1ea5t cho th\u1ea3m cao su S\u1ea3n ph\u1ea9m d\u00e2y ti\u1ebfp \u0111\u1ea5t cho th\u1ea3m cao su \u0111\u01b0\u1ee3c s\u1eed d\u1ee5ng trong m\u00f4i tr\u01b0\u1eddng c\u00f4ng nghi\u1ec7p, n\u1ed1i gi\u1eefa m\u1eb7t th\u1ea3m cao su v\u00e0 m\u1eb7t s\u00e0n ti\u1ebfp \u0111\u1ea5t, ho\u1eb7c trong qu\u00e1 tr\u00ecnh l\u00e0m vi\u1ec7c t\u1ea1i v\u1ecb tr\u00ed n\u1ed1i t\u1eeb&#8230;<\/p>\n","protected":false},"featured_media":1014,"comment_status":"open","ping_status":"closed","template":"","meta":{"_acf_changed":false},"product_brand":[],"product_cat":[81],"product_tag":[],"class_list":{"0":"post-1013","1":"product","2":"type-product","3":"status-publish","4":"has-post-thumbnail","6":"product_cat-day-tiep-dat-chong-tinh-dien","8":"first","9":"instock","10":"shipping-taxable","11":"product-type-simple"},"acf":[],"_links":{"self":[{"href":"https:\/\/laprovina.com\/index.php?rest_route=\/wp\/v2\/product\/1013","targetHints":{"allow":["GET"]}}],"collection":[{"href":"https:\/\/laprovina.com\/index.php?rest_route=\/wp\/v2\/product"}],"about":[{"href":"https:\/\/laprovina.com\/index.php?rest_route=\/wp\/v2\/types\/product"}],"replies":[{"embeddable":true,"href":"https:\/\/laprovina.com\/index.php?rest_route=%2Fwp%2Fv2%2Fcomments&post=1013"}],"wp:featuredmedia":[{"embeddable":true,"href":"https:\/\/laprovina.com\/index.php?rest_route=\/wp\/v2\/media\/1014"}],"wp:attachment":[{"href":"https:\/\/laprovina.com\/index.php?rest_route=%2Fwp%2Fv2%2Fmedia&parent=1013"}],"wp:term":[{"taxonomy":"product_brand","embeddable":true,"href":"https:\/\/laprovina.com\/index.php?rest_route=%2Fwp%2Fv2%2Fproduct_brand&post=1013"},{"taxonomy":"product_cat","embeddable":true,"href":"https:\/\/laprovina.com\/index.php?rest_route=%2Fwp%2Fv2%2Fproduct_cat&post=1013"},{"taxonomy":"product_tag","embeddable":true,"href":"https:\/\/laprovina.com\/index.php?rest_route=%2Fwp%2Fv2%2Fproduct_tag&post=1013"}],"curies":[{"name":"wp","href":"https:\/\/api.w.org\/{rel}","templated":true}]}}