{"id":1017,"date":"2024-04-11T09:06:36","date_gmt":"2024-04-11T09:06:36","guid":{"rendered":"https:\/\/laprovina.com\/?post_type=product&#038;p=1017"},"modified":"2025-12-19T22:48:00","modified_gmt":"2025-12-19T22:48:00","slug":"dep-chong-tinh-dien-esd-den","status":"publish","type":"product","link":"https:\/\/laprovina.com\/?product=dep-chong-tinh-dien-esd-den","title":{"rendered":"D\u00c9P CH\u1ed0NG T\u0128NH \u0110I\u1ec6N ESD \u0110EN"},"content":{"rendered":"<h2><strong>D\u00e9p ch\u1ed1ng t\u0129nh \u0111i\u1ec7n ESD m\u00e0u \u0111en<\/strong><\/h2>\n<p>L\u00e0 m\u1ed9t trong nh\u1eefng d\u00f2ng s\u1ea3n ph\u1ea9m thu\u1ed9c b\u1ed9 v\u1eadt d\u1ee5ng b\u1ea3o h\u1ed9 ch\u1ed1ng t\u0129nh \u0111i\u1ec7n, d\u00e9p ch\u1ed1ng t\u0129nh \u0111i\u1ec7n ESD m\u00e0u \u0111en l\u00e0 m\u1ed9t s\u1ea3n ph\u1ea9m d\u00e9p ch\u1ed1ng t\u0129nh \u0111i\u1ec7n \u0111\u01b0\u1ee3c thi\u1ebft k\u1ebf v\u00e0 s\u1ea3n xu\u1ea5t theo ti\u00eau chu\u1ea9n qu\u1ed1c t\u1ebf, \u0111\u01b0\u1ee3c s\u1eed d\u1ee5ng r\u1ed9ng r\u00e3i trong ph\u00f2ng s\u1ea1ch,\u00a0m\u00f4i tr\u01b0\u1eddng c\u00f3 \u0111\u1ed9 t\u0129nh \u0111i\u1ec7n cao trong c\u00f4ng nghi\u1ec7p. S\u1ea3n ph\u1ea9m gi\u00fap h\u1ea1n ch\u1ebf nh\u1eefng t\u00e1c \u0111\u1ed9ng \u1ea3nh h\u01b0\u1edfng t\u1edbi c\u01a1 th\u1ec3 con ng\u01b0\u1eddi khi l\u00e0m vi\u1ec7c trong m\u00f4i tr\u01b0\u1eddng s\u1eed d\u1ee5ng \u0111i\u1ec7n n\u0103ng; lo\u1ea1i b\u1ecf t\u00e2m l\u00fd s\u1ee3 h\u00e3i kh\u00f4ng tho\u1ea3i m\u00e1i c\u1ee7a ng\u01b0\u1eddi s\u1eed d\u1ee5ng khi l\u00e0m vi\u1ec7c, t\u1eeb \u0111\u00f3 n\u00e2ng cao n\u0103ng su\u1ea5t lao \u0111\u1ed9ng, b\u1ea3o \u0111\u1ea3m ch\u1ea5t l\u01b0\u1ee3ng cho s\u1ea3n ph\u1ea9m l\u00e0m ra.<\/p>\n<h3><u>\u0110\u1eb7c \u0111i\u1ec3m d\u00e9p ch\u1ed1ng t\u0129nh \u0111i\u1ec7n ESD m\u00e0u \u0111en<\/u><\/h3>\n<p>&#8211;<strong>\u00a0<\/strong><strong>D\u00e9p ch\u1ed1ng t\u0129nh \u0111i\u1ec7n<\/strong>\u00a0ESD l\u00e0 m\u1ed9t trong nh\u1eefng d\u00f2ng s\u1ea3n ph\u1ea9m ch\u1ed1ng t\u0129nh \u0111i\u1ec7n gi\u00e1 c\u1ea3 r\u1ebb nh\u01b0ng c\u00f3 \u0111\u1ed9 b\u1ec1n cao, v\u1edbi ch\u1ee9c n\u0103ng ch\u00ednh l\u00e0 ch\u1ed1ng t\u0129nh \u0111i\u1ec7n , \u0111\u00e2y l\u00e0 s\u1ea3n ph\u1ea9m v\u00f4 c\u00f9ng c\u1ea7n thi\u1ebft cho c\u00f4ng nh\u00e2n kho l\u00e0m vi\u1ec7c trong c\u00e1c nh\u00e0 m\u00e1y, nh\u00e0 x\u01b0\u1edfng hay nh\u1eefng c\u0103n ph\u00f2ng c\u00f3 \u0111\u1ed9 t\u0129nh \u0111i\u1ec7n cao.<\/p>\n<p><img decoding=\"async\" src=\"http:\/\/namlan.com.vn\/uploads\/files\/D%C3%A9p%20%C4%91en(1).jpg\" alt=\"\" \/><img loading=\"lazy\" decoding=\"async\" class=\"aligncenter size-full wp-image-1019\" src=\"https:\/\/laprovina.com\/wp-content\/uploads\/2024\/04\/esd-1.jpg\" alt=\"\" width=\"600\" height=\"600\" srcset=\"https:\/\/laprovina.com\/wp-content\/uploads\/2024\/04\/esd-1.jpg 600w, https:\/\/laprovina.com\/wp-content\/uploads\/2024\/04\/esd-1-300x300.jpg 300w, https:\/\/laprovina.com\/wp-content\/uploads\/2024\/04\/esd-1-100x100.jpg 100w\" sizes=\"auto, (max-width: 600px) 100vw, 600px\" \/><\/p>\n<p>&#8211;\u00a0Thi\u1ebft k\u1ebf \u0111\u1eb9p, b\u1eaft m\u1eaft, s\u1eed d\u1ee5ng nguy\u00ean li\u1ec7u ch\u00ednh l\u00e0 PVC l\u00e0 lo\u1ea1i v\u1eadt li\u1ec7u \u0111\u01b0\u1ee3c s\u1eed d\u1ee5ng \u0111\u1ec3 ch\u1ebf t\u1ea1o v\u1eadt l\u1ec7u ch\u1ed1ng t\u0129nh \u0111i\u1ec7n hi\u1ec7n nay, c\u00f3 \u0111\u1ed9 b\u1ec1n, x\u1ed1p, n\u00ean \u0111i v\u00e0o s\u1ebd t\u1ea1o c\u1ea3m gi\u00e1c tho\u1ea3i m\u00e1i cho b\u00e0n ch\u00e2n.<\/p>\n<p>&#8211;\u00a0Kh\u1ea3 n\u0103ng ch\u1ed1ng t\u0129nh \u0111i\u1ec7n: c\u00f3 th\u1ec3 ch\u1ed1ng t\u0129nh \u0111i\u1ec7n hi\u1ec7u qu\u1ea3 v\u1edbi \u0111i\u1ec7n tr\u1edf b\u1ec1 m\u1eb7t 10^6 \u0111\u1ebfn 10^9 ohm, \u0111\u1ea1t ti\u00eau chu\u1ea9n c\u1ee7a v\u1eadt d\u1ee5ng ch\u1ed1ng t\u0129nh \u0111i\u1ec7n theo chu\u1ea9n ESD.<\/p>\n<p>&#8211;\u00a0Kh\u00f4ng b\u00e1m b\u1ee5i khi s\u1eed d\u1ee5ng, v\u00e0 \u0111\u1eb7c bi\u1ec7t l\u00e0 ng\u0103n, h\u1ea1n ch\u1ebf m\u00f9i h\u00f4i ch\u00e2n khi s\u1eed d\u1ee5ng, l\u00e0m vi\u1ec7c.<\/p>\n<p>&#8211;\u00a0C\u00e1c k\u00edch c\u1ee1 d\u00e9p: lo\u1ea1i s\u1ed1: t\u1eeb 36 \u0111\u1ebfn 46<\/p>\n<h3><u>\u1ee8ng d\u1ee5ng d\u00e9p PVC \u0111en<\/u><\/h3>\n<p>V\u1edbi nh\u1eefng \u0111\u1eb7c \u0111i\u1ec3m v\u01b0\u1ee3t tr\u1ed9i nh\u01b0 tr\u00ean, d\u00e9p nh\u1ef1a PVC\u00a0m\u00e0u \u0111en l\u00e0 m\u1ed9t v\u1eadt d\u1ee5ng r\u1ea5t th\u00edch h\u1ee3p \u0111\u1ec3 s\u1eed d\u1ee5ng trong m\u00f4i tr\u01b0\u1eddng c\u1ea7n s\u1ef1 an to\u00e0n cao v\u1ec1 t\u0129nh \u0111i\u1ec7n nh\u01b0 trong c\u00e1c l\u0129nh v\u1ef1c s\u1ea3n xu\u1ea5t linh ki\u1ec7n, thi\u1ebft b\u1ecb \u0111i\u1ec7n t\u1eed; hay trong m\u1ed9t s\u1ed1 l\u0129nh v\u1ef1c ng\u00e0nh y t\u1ebf, khoa h\u1ecdc, h\u00f3a h\u1ecdc,\u2026 \u0111\u00e2y c\u0169ng l\u00e0 m\u1ed9t s\u1ef1 l\u1ef1a ch\u1ecdn tuy\u1ec7t v\u1eddi.<\/p>\n<p>Ngo\u00e0i s\u1ea3n ph\u1ea9m d\u00e9p ch\u1ed1ng t\u0129nh \u0111i\u1ec7n \u0111en, b\u1ea1n c\u0169ng c\u00f3 th\u1ec3 t\u00ecm v\u00e0 mua r\u1ea5t nhi\u1ec1u s\u1ea3n ph\u1ea9m b\u1ea3o h\u1ed9, s\u1ea3n ph\u1ea9m, v\u1eadt d\u1ee5ng ch\u1ed1ng \u0129nh \u0111i\u1ec7n t\u1ea1i C\u00f4ng ty TNHH th\u01b0\u01a1ng m\u1ea1i v\u00e0 d\u1ecbch v\u1ee5 Nam L\u00e2n ch\u00fang t\u00f4i.<\/p>\n","protected":false},"excerpt":{"rendered":"<p>D\u00e9p ch\u1ed1ng t\u0129nh \u0111i\u1ec7n ESD m\u00e0u \u0111en L\u00e0 m\u1ed9t trong nh\u1eefng d\u00f2ng s\u1ea3n ph\u1ea9m thu\u1ed9c b\u1ed9 v\u1eadt d\u1ee5ng b\u1ea3o h\u1ed9 ch\u1ed1ng t\u0129nh \u0111i\u1ec7n, d\u00e9p ch\u1ed1ng t\u0129nh \u0111i\u1ec7n ESD m\u00e0u \u0111en l\u00e0 m\u1ed9t s\u1ea3n ph\u1ea9m d\u00e9p ch\u1ed1ng t\u0129nh \u0111i\u1ec7n \u0111\u01b0\u1ee3c thi\u1ebft k\u1ebf v\u00e0 s\u1ea3n xu\u1ea5t theo ti\u00eau chu\u1ea9n qu\u1ed1c t\u1ebf, \u0111\u01b0\u1ee3c s\u1eed d\u1ee5ng r\u1ed9ng r\u00e3i trong&#8230;<\/p>\n","protected":false},"featured_media":1018,"comment_status":"open","ping_status":"closed","template":"","meta":{"_acf_changed":false},"product_brand":[],"product_cat":[84],"product_tag":[],"class_list":{"0":"post-1017","1":"product","2":"type-product","3":"status-publish","4":"has-post-thumbnail","6":"product_cat-dep-pvc","8":"first","9":"instock","10":"shipping-taxable","11":"product-type-simple"},"acf":[],"_links":{"self":[{"href":"https:\/\/laprovina.com\/index.php?rest_route=\/wp\/v2\/product\/1017","targetHints":{"allow":["GET"]}}],"collection":[{"href":"https:\/\/laprovina.com\/index.php?rest_route=\/wp\/v2\/product"}],"about":[{"href":"https:\/\/laprovina.com\/index.php?rest_route=\/wp\/v2\/types\/product"}],"replies":[{"embeddable":true,"href":"https:\/\/laprovina.com\/index.php?rest_route=%2Fwp%2Fv2%2Fcomments&post=1017"}],"wp:featuredmedia":[{"embeddable":true,"href":"https:\/\/laprovina.com\/index.php?rest_route=\/wp\/v2\/media\/1018"}],"wp:attachment":[{"href":"https:\/\/laprovina.com\/index.php?rest_route=%2Fwp%2Fv2%2Fmedia&parent=1017"}],"wp:term":[{"taxonomy":"product_brand","embeddable":true,"href":"https:\/\/laprovina.com\/index.php?rest_route=%2Fwp%2Fv2%2Fproduct_brand&post=1017"},{"taxonomy":"product_cat","embeddable":true,"href":"https:\/\/laprovina.com\/index.php?rest_route=%2Fwp%2Fv2%2Fproduct_cat&post=1017"},{"taxonomy":"product_tag","embeddable":true,"href":"https:\/\/laprovina.com\/index.php?rest_route=%2Fwp%2Fv2%2Fproduct_tag&post=1017"}],"curies":[{"name":"wp","href":"https:\/\/api.w.org\/{rel}","templated":true}]}}