{"id":1025,"date":"2024-04-12T01:51:18","date_gmt":"2024-04-12T01:51:18","guid":{"rendered":"https:\/\/laprovina.com\/?post_type=product&#038;p=1025"},"modified":"2025-10-13T05:50:45","modified_gmt":"2025-10-13T05:50:45","slug":"ghe-chong-tinh-dien-co-tua-vong-de-chan","status":"publish","type":"product","link":"https:\/\/laprovina.com\/?product=ghe-chong-tinh-dien-co-tua-vong-de-chan","title":{"rendered":"GH\u1ebe CH\u1ed0NG T\u0128NH \u0110I\u1ec6N C\u00d3 T\u1ef0A V\u00d2NG \u0110\u1ec2 CH\u00c2N"},"content":{"rendered":"<p><strong>Gh\u1ebf ch\u1ed1ng t\u0129nh \u0111i\u1ec7n c\u00f3 t\u1ef1a v\u00f2ng \u0111\u1ec3 ch\u00e2n<\/strong><\/p>\n<p>C\u1ea5u t\u1ea1o: ch\u00e2n th\u00e9p, m\u1eb7t da PU tr\u00f2n trong m\u00f4i tr\u01b0\u1eddng l\u00e0m vi\u1ec7c c\u00f3 s\u1ef1 t\u0129nh \u0111i\u1ec7n th\u00ec c\u00e1c v\u1eadt d\u1ee5ng l\u00e0m vi\u1ec7c lien quan \u0111\u1ec1u ph\u1ea3i l\u00e0 v\u1eadt li\u1ec7u c\u00f3 kh\u1ea3 n\u0103ng ch\u1ed1ng t\u0129nh \u0111i\u1ec7n. Gh\u1ebf ng\u1ed3i l\u00e0m vi\u1ec7c c\u0169ng kh\u00f4ng ngo\u1ea1i l\u1ec7. Gi\u00fap cho ng\u01b0\u1eddi d\u00f9ng tr\u00e1nh kh\u1ecfi \u0111\u1ed9 t\u0129nh \u0111i\u1ec7n, mang l\u1ea1i s\u1ef1 an to\u00e0n cho ng\u01b0\u1eddi lao \u0111\u1ed9ng.<\/p>\n<p><img decoding=\"async\" src=\"http:\/\/namlan.com.vn\/uploads\/files\/gh%E1%BA%BF%20ch%E1%BB%91ng%20t%C4%A9nh%20%C4%91i%E1%BB%87n%20m%E1%BA%ABu%203(1).jpg\" alt=\"\" \/><\/p>\n<p><img loading=\"lazy\" decoding=\"async\" class=\"aligncenter size-full wp-image-1026\" src=\"https:\/\/laprovina.com\/wp-content\/uploads\/2024\/04\/ghe_chong_tinh_dien_co_tua_mau_den-1.jpg\" alt=\"\" width=\"600\" height=\"600\" srcset=\"https:\/\/laprovina.com\/wp-content\/uploads\/2024\/04\/ghe_chong_tinh_dien_co_tua_mau_den-1.jpg 600w, https:\/\/laprovina.com\/wp-content\/uploads\/2024\/04\/ghe_chong_tinh_dien_co_tua_mau_den-1-300x300.jpg 300w, https:\/\/laprovina.com\/wp-content\/uploads\/2024\/04\/ghe_chong_tinh_dien_co_tua_mau_den-1-100x100.jpg 100w\" sizes=\"auto, (max-width: 600px) 100vw, 600px\" \/><\/p>\n<p>B\u00e1nh xe l\u0103n gi\u00fap cho ng\u01b0\u1eddi d\u00f9ng d\u1ec5 d\u00e0ng di chuy\u1ec3n trong ph\u1ea1m vi l\u00e0m vi\u1ec7c. T\u1ea1o s\u1ef1 thu\u1eadn ti\u1ec7n v\u00e0 d\u1ec5 d\u00e0ng h\u01a1n trong c\u00f4ng vi\u1ec7c cho ng\u01b0\u1eddi s\u1eed d\u1ee5ng. M\u1eb7t gh\u1ebf ph\u1ee7 PU gi\u1ea3 da t\u1ea1o \u0111\u1ed9 \u00eam \u00e1i cho ng\u01b0\u1eddi ng\u1ed3i, l\u1ea1i c\u00f3 v\u1ebb ngo\u00e0i r\u1ea5t sang tr\u1ecdng.<\/p>\n<p>Kh\u1ea3 n\u0103ng ch\u1ed1ng t\u0129nh \u0111i\u1ec7n c\u1ee7a gh\u1ebf \u1edf m\u1ee9c 10^6 \u2013 10^9\u2126 , \u0111\u1ea3m b\u1ea3o \u0111\u1ed9 an to\u00e0n cho ng\u01b0\u1eddi s\u1eed d\u1ee5ng. Ch\u00e2n gh\u1ebf \u0111\u01b0\u1ee3c thi\u1ebft k\u1ebf ch\u1ea5t li\u1ec7u th\u00e9p kh\u00f4ng g\u1ec9, lau b\u1ee5i b\u1ea9n m\u1ed9t c\u00e1ch d\u1ec5 d\u00e0ng. Ch\u00e2n gh\u1ebf chia 5 nh\u00e1nh t\u1ea1o \u0111\u1ed9 v\u1eefng ch\u1eafc cho gh\u1ebf. C\u00f3 2 lo\u1ea1i l\u00e0 ch\u00e2n c\u1ed1 \u0111\u1ecbnh v\u00e0 ch\u00e2n tr\u00f2n c\u00f3 th\u1ec3 di chuy\u1ec3n \u0111\u01b0\u1ee3c. To\u00e0n b\u1ed9 c\u00e1c b\u1ed9 ph\u1eadn c\u1ee7a gh\u1ebf \u0111\u01b0\u1ee3c ph\u1ee7 m\u1ed9t l\u1edbp PU ch\u1ed1ng t\u0129nh \u0111i\u1ec7n \u0111\u1ea3m b\u1ea3o cho \u0111i\u1ec7n t\u00edch kh\u00f4ng g\u00e2y \u1ea3nh h\u01b0\u1edfng t\u1edbi ng\u01b0\u1eddi l\u00e0m vi\u1ec7c.<\/p>\n<p>C\u00f4ng ty TNHH Lapro Vina ch\u00fang t\u00f4i ph\u00e2n ph\u1ed1i c\u00e1c d\u00f2ng gh\u1ebf ch\u1ed1ng t\u0129nh \u0111i\u1ec7n cho c\u00e1c khu c\u00f4ng nghi\u1ec7p s\u1ea3n xu\u1ea5t v\u00e0 nhi\u1ec1u c\u00f4ng ty kh\u00e1c tr\u00ean th\u1ecb tr\u01b0\u1eddng trong n\u01b0\u1edbc. \u0110\u1ebfn v\u1edbi c\u00f4ng ty ch\u00fang t\u00f4i, c\u00e1c b\u1ea1n s\u1ebd \u0111\u01b0\u1ee3c ph\u1ee5c v\u1ee5 ch\u1ea5t l\u01b0\u1ee3ng v\u00e0 hi\u1ec7u qu\u1ea3 theo y\u00eau c\u1ea7u c\u1ee7a kh\u00e1ch h\u00e0ng.<\/p>\n","protected":false},"excerpt":{"rendered":"<p>Gh\u1ebf ch\u1ed1ng t\u0129nh \u0111i\u1ec7n c\u00f3 t\u1ef1a v\u00f2ng \u0111\u1ec3 ch\u00e2n C\u1ea5u t\u1ea1o: ch\u00e2n th\u00e9p, m\u1eb7t da PU tr\u00f2n trong m\u00f4i tr\u01b0\u1eddng l\u00e0m vi\u1ec7c c\u00f3 s\u1ef1 t\u0129nh \u0111i\u1ec7n th\u00ec c\u00e1c v\u1eadt d\u1ee5ng l\u00e0m vi\u1ec7c lien quan \u0111\u1ec1u ph\u1ea3i l\u00e0 v\u1eadt li\u1ec7u c\u00f3 kh\u1ea3 n\u0103ng ch\u1ed1ng t\u0129nh \u0111i\u1ec7n. Gh\u1ebf ng\u1ed3i l\u00e0m vi\u1ec7c c\u0169ng kh\u00f4ng ngo\u1ea1i l\u1ec7. Gi\u00fap cho&#8230;<\/p>\n","protected":false},"featured_media":1026,"comment_status":"open","ping_status":"closed","template":"","meta":{"_acf_changed":false},"product_brand":[],"product_cat":[88],"product_tag":[],"class_list":{"0":"post-1025","1":"product","2":"type-product","3":"status-publish","4":"has-post-thumbnail","6":"product_cat-ghe","8":"first","9":"instock","10":"shipping-taxable","11":"product-type-simple"},"acf":[],"_links":{"self":[{"href":"https:\/\/laprovina.com\/index.php?rest_route=\/wp\/v2\/product\/1025","targetHints":{"allow":["GET"]}}],"collection":[{"href":"https:\/\/laprovina.com\/index.php?rest_route=\/wp\/v2\/product"}],"about":[{"href":"https:\/\/laprovina.com\/index.php?rest_route=\/wp\/v2\/types\/product"}],"replies":[{"embeddable":true,"href":"https:\/\/laprovina.com\/index.php?rest_route=%2Fwp%2Fv2%2Fcomments&post=1025"}],"wp:featuredmedia":[{"embeddable":true,"href":"https:\/\/laprovina.com\/index.php?rest_route=\/wp\/v2\/media\/1026"}],"wp:attachment":[{"href":"https:\/\/laprovina.com\/index.php?rest_route=%2Fwp%2Fv2%2Fmedia&parent=1025"}],"wp:term":[{"taxonomy":"product_brand","embeddable":true,"href":"https:\/\/laprovina.com\/index.php?rest_route=%2Fwp%2Fv2%2Fproduct_brand&post=1025"},{"taxonomy":"product_cat","embeddable":true,"href":"https:\/\/laprovina.com\/index.php?rest_route=%2Fwp%2Fv2%2Fproduct_cat&post=1025"},{"taxonomy":"product_tag","embeddable":true,"href":"https:\/\/laprovina.com\/index.php?rest_route=%2Fwp%2Fv2%2Fproduct_tag&post=1025"}],"curies":[{"name":"wp","href":"https:\/\/api.w.org\/{rel}","templated":true}]}}