{"id":1027,"date":"2024-04-12T01:54:43","date_gmt":"2024-04-12T01:54:43","guid":{"rendered":"https:\/\/laprovina.com\/?post_type=product&#038;p=1027"},"modified":"2025-12-19T22:50:01","modified_gmt":"2025-12-19T22:50:01","slug":"ghe-chong-tinh-dien-co-tua-mau-den","status":"publish","type":"product","link":"https:\/\/laprovina.com\/?product=ghe-chong-tinh-dien-co-tua-mau-den","title":{"rendered":"GH\u1ebe CH\u1ed0NG T\u0128NH \u0110I\u1ec6N C\u00d3 T\u1ef0A M\u00c0U: \u0110EN"},"content":{"rendered":"<p><strong>Gh\u1ebf ch\u1ed1ng t\u0129nh \u0111i\u1ec7n ph\u1ee7 da PU<\/strong><\/p>\n<p>V\u1ea5n \u0111\u1ec1 t\u0129nh \u0111i\u1ec7n l\u00e0m \u1ea3nh h\u01b0\u1edbng cao \u0111\u1ebfn m\u00f4i tr\u01b0\u1eddng l\u00e0m vi\u1ec7c, qu\u00e1 tr\u00ecnh s\u1ea3n xu\u1ea5t v\u00e0 h\u01a1n th\u1ebf n\u1eefa n\u00f3 c\u00f2n \u1ea3nh h\u01b0\u1edfng tr\u1ef1c ti\u1ebfp \u0111\u1ebfn con ng\u01b0\u1eddi. V\u1edbi s\u1ea3n ph\u1ea9m\u00a0<strong>Gh\u1ebf da PU ch\u1ed1ng t\u0129nh \u0111i\u1ec7n\u00a0<\/strong>l\u00e0 t\u1ed1i c\u1ea7n thi\u1ebft trong m\u00f4i tr\u01b0\u1eddng c\u00f4ng nghi\u1ec7p hi\u1ec7n nay ,l\u00e0m t\u0103ng \u0111\u1ed9 an to\u00e0n trong m\u00f4i tr\u01b0\u1eddng l\u00e0m vi\u1ec7c c\u00f3 l\u01b0\u1ee3ng t\u0129nh \u0111i\u1ec7n cao.<\/p>\n<p><img decoding=\"async\" src=\"http:\/\/namlan.com.vn\/uploads\/files\/ghe_chong_tinh_dien_co_tua_mau_den(1).jpg\" alt=\"\" \/><img loading=\"lazy\" decoding=\"async\" class=\"aligncenter size-full wp-image-1026\" src=\"https:\/\/laprovina.com\/wp-content\/uploads\/2024\/04\/ghe_chong_tinh_dien_co_tua_mau_den-1.jpg\" alt=\"\" width=\"600\" height=\"600\" srcset=\"https:\/\/laprovina.com\/wp-content\/uploads\/2024\/04\/ghe_chong_tinh_dien_co_tua_mau_den-1.jpg 600w, https:\/\/laprovina.com\/wp-content\/uploads\/2024\/04\/ghe_chong_tinh_dien_co_tua_mau_den-1-300x300.jpg 300w, https:\/\/laprovina.com\/wp-content\/uploads\/2024\/04\/ghe_chong_tinh_dien_co_tua_mau_den-1-100x100.jpg 100w\" sizes=\"auto, (max-width: 600px) 100vw, 600px\" \/><\/p>\n<p align=\"center\"><em>Gh\u1ebf da PU ch\u1ed1ng t\u0129nh \u0111i\u1ec7n<\/em><\/p>\n<p>&#8211;\u00a0\u00a0\u00a0\u00a0\u00a0 \u00a0 \u00a0\u00a0<a href=\"http:\/\/megaline.com.vn\/ghe-chong-tinh-dien-co-tua-mau:-den.html\" target=\"_blank\" rel=\"noopener\"><strong>Gh\u1ebf ch\u1ed1ng t\u0129nh \u0111i\u1ec7n ph\u1ee7 pu<\/strong><\/a>\u00a0\u0111\u01b0\u1ee3c thi\u1ebft k\u1ebf nh\u1eb9 nh\u00e0ng v\u00e0 d\u1ec5 d\u00e0ng di chuy\u1ec3n trong n\u01a1i l\u00e0m vi\u1ec7c.<\/p>\n<p>&#8211;\u00a0\u00a0\u00a0\u00a0\u00a0\u00a0 M\u1eb7t gh\u1ebf \u00a0PVC\/PVC v\u1edbi ch\u1ea5t li\u1ec7u gi\u1ea3 da ch\u1ed1ng t\u0129nh \u0111i\u1ec7n c\u1ef1c k\u1ef3 t\u1ed1t trong m\u1ecdi m\u00f4i tr\u01b0\u1eddng c\u00f3 l\u01b0\u1ee3ng t\u0129nh \u0111i\u1ec7n cao, PU\/gi\u1ea3 da PU hypo-light xanh ch\u1ed1ng t\u0129nh \u0111i\u1ec7n, PU\/gi\u1ea3 da PU hypo-light \u0111en ch\u1ed1ng t\u0129nh \u0111i\u1ec7n.<\/p>\n<p>&#8211;\u00a0\u00a0\u00a0\u00a0\u00a0\u00a0\u00a0\u00a0 S\u1ee9c b\u1ec1n\u00a0<em>Gh\u1ebf da PU ch\u1ed1ng t\u0129nh \u0111i\u1ec7n\u00a0<\/em>tr\u00eanb\u1ec1 m\u1eb7t \u1edf m\u1ee9c : 10^6 ~ 10^9 \u03a9<\/p>\n<p>&#8211;\u00a0\u00a0\u00a0\u00a0\u00a0\u00a0\u00a0\u00a0 S\u1ea3n ph\u1ea9m \u0111\u01b0\u1ee3c thi\u1ebft k\u1ebf v\u1edbi khung th\u00e9p, ch\u00e2n gh\u1ebf 5 nh\u00e1nh m\u1ea1 chrome s\u00e1ng b\u00f3ng, ch\u1ed1ng l\u1ea1i c\u00e1c hi\u1ec7n t\u01b0\u1ee3ng g\u1ec9 s\u00e9t v\u00e0 b\u00e1m b\u1ee5i.<\/p>\n<p>&#8211;\u00a0\u00a0\u00a0\u00a0\u00a0\u00a0\u00a0\u00a0<strong>Gh\u1ebf da PU\u00a0<\/strong>c\u00f3 2 lo\u1ea1i ch\u00e2n \u0111\u1ec3 ph\u00f9 h\u1ee3p h\u01a1n v\u1edbi n\u01a1i l\u00e0m vi\u1ec7c v\u00e0 c\u0169ng \u0111a d\u1ea1ng cho kh\u00e1ch h\u00e0ng l\u1ef1a ch\u1ecdn, v\u1edbi b\u00e1nh xe ch\u1ed1ng t\u0129nh \u0111i\u1ec7n, ho\u1eb7c lo\u1ea1i ch\u00e2n gh\u1ebf c\u1ed1 \u0111\u1ecbnh<\/p>\n<p>&#8211;\u00a0\u00a0\u00a0\u00a0\u00a0\u00a0\u00a0\u00a0 Chi\u1ec1u cao Gh\u1ebf da PU \u1edf m\u1ee9c t\u1ed1i \u0111a: 408 ~ 650mm<\/p>\n<p>&#8211;\u00a0\u00a0\u00a0\u00a0\u00a0\u00a0\u00a0\u00a0 S\u1eed d\u1ee5ng l\u1ef1c \u0111\u1ea9y c\u1ee7a kh\u00ed n\u00e9n khi s\u1eed d\u1ee5ng kh\u00f4ng g\u00e2y \u1ea3nh h\u01b0\u1edfng t\u1edbi con ng\u01b0\u1eddi v\u00e0 m\u00f4i tr\u01b0\u1eddng l\u00e0m vi\u1ec7c.<\/p>\n<p>C\u00f4ng ty TNHH Megaline lu\u00f4n cung c\u1ea5p\u00a0<a href=\"http:\/\/megaline.com.vn\/ghe-chong-tinh-dien-109.html\" target=\"_blank\" rel=\"noopener\">gh\u1ebf ESD<\/a>\u00a0ch\u1ed1ng t\u0129nh \u0111i\u1ec7n ra th\u1ecb tr\u01b0\u1eddng v\u00e0 c\u00e1c khu c\u00f4ng nghi\u1ec7p v\u1edbi nhi\u1ec1u s\u1ea3n ph\u1ea9m v\u00e0 m\u1eabu m\u00e3 kh\u00e1c nhau, m\u1ee9c gi\u00e1 c\u1ea1nh tranh t\u1ed1t nh\u1ea5t cho kh\u00e1ch h\u00e0ng. Ngo\u00e0i ra Megaline c\u00f2n nh\u1eadn \u0111\u1eb7t c\u00e1c lo\u1ea1i\u00a0<strong>gh\u1ebf ch\u1ed1ng t\u0129nh \u0111i\u1ec7n<\/strong>theo y\u00eau c\u1ea7u ri\u00eang c\u1ee7a t\u1eebng kh\u00e1ch h\u00e0ng.<\/p>\n<p><em><strong>\u00a0\u00a0\u00a0\u00a0\u00a0\u00a0\u00a0\u00a0\u00a0\u00a0\u00a0 H\u00e3y g\u1ecdi cho ch\u00fang t\u00f4i ngay khi b\u1ea1n c\u1ea7n v\u1edbi gi\u00e1 t\u1ed1t nh\u1ea5t<\/strong><\/em><\/p>\n","protected":false},"excerpt":{"rendered":"<p>Gh\u1ebf ch\u1ed1ng t\u0129nh \u0111i\u1ec7n ph\u1ee7 da PU V\u1ea5n \u0111\u1ec1 t\u0129nh \u0111i\u1ec7n l\u00e0m \u1ea3nh h\u01b0\u1edbng cao \u0111\u1ebfn m\u00f4i tr\u01b0\u1eddng l\u00e0m vi\u1ec7c, qu\u00e1 tr\u00ecnh s\u1ea3n xu\u1ea5t v\u00e0 h\u01a1n th\u1ebf n\u1eefa n\u00f3 c\u00f2n \u1ea3nh h\u01b0\u1edfng tr\u1ef1c ti\u1ebfp \u0111\u1ebfn con ng\u01b0\u1eddi. V\u1edbi s\u1ea3n ph\u1ea9m\u00a0Gh\u1ebf da PU ch\u1ed1ng t\u0129nh \u0111i\u1ec7n\u00a0l\u00e0 t\u1ed1i c\u1ea7n thi\u1ebft trong m\u00f4i tr\u01b0\u1eddng c\u00f4ng nghi\u1ec7p hi\u1ec7n nay&#8230;<\/p>\n","protected":false},"featured_media":1026,"comment_status":"open","ping_status":"closed","template":"","meta":{"_acf_changed":false},"product_brand":[],"product_cat":[88],"product_tag":[],"class_list":{"0":"post-1027","1":"product","2":"type-product","3":"status-publish","4":"has-post-thumbnail","6":"product_cat-ghe","8":"first","9":"instock","10":"shipping-taxable","11":"product-type-simple"},"acf":[],"_links":{"self":[{"href":"https:\/\/laprovina.com\/index.php?rest_route=\/wp\/v2\/product\/1027","targetHints":{"allow":["GET"]}}],"collection":[{"href":"https:\/\/laprovina.com\/index.php?rest_route=\/wp\/v2\/product"}],"about":[{"href":"https:\/\/laprovina.com\/index.php?rest_route=\/wp\/v2\/types\/product"}],"replies":[{"embeddable":true,"href":"https:\/\/laprovina.com\/index.php?rest_route=%2Fwp%2Fv2%2Fcomments&post=1027"}],"wp:featuredmedia":[{"embeddable":true,"href":"https:\/\/laprovina.com\/index.php?rest_route=\/wp\/v2\/media\/1026"}],"wp:attachment":[{"href":"https:\/\/laprovina.com\/index.php?rest_route=%2Fwp%2Fv2%2Fmedia&parent=1027"}],"wp:term":[{"taxonomy":"product_brand","embeddable":true,"href":"https:\/\/laprovina.com\/index.php?rest_route=%2Fwp%2Fv2%2Fproduct_brand&post=1027"},{"taxonomy":"product_cat","embeddable":true,"href":"https:\/\/laprovina.com\/index.php?rest_route=%2Fwp%2Fv2%2Fproduct_cat&post=1027"},{"taxonomy":"product_tag","embeddable":true,"href":"https:\/\/laprovina.com\/index.php?rest_route=%2Fwp%2Fv2%2Fproduct_tag&post=1027"}],"curies":[{"name":"wp","href":"https:\/\/api.w.org\/{rel}","templated":true}]}}