{"id":1030,"date":"2024-04-12T01:58:34","date_gmt":"2024-04-12T01:58:34","guid":{"rendered":"https:\/\/laprovina.com\/?post_type=product&#038;p=1030"},"modified":"2025-10-13T05:50:10","modified_gmt":"2025-10-13T05:50:10","slug":"ghe-chong-tinh-dien-chan-thep-mau-dong-den","status":"publish","type":"product","link":"https:\/\/laprovina.com\/?product=ghe-chong-tinh-dien-chan-thep-mau-dong-den","title":{"rendered":"GH\u1ebe CH\u1ed0NG T\u0128NH \u0110I\u1ec6N CH\u00c2N TH\u00c9P M\u00c0U: \u0110\u1ed2NG, \u0110EN"},"content":{"rendered":"<table border=\"0\" width=\"100%\" cellspacing=\"0\" cellpadding=\"0\">\n<tbody>\n<tr>\n<td><strong>Gh\u1ebf d\u1ef1a ch\u1ed1ng t\u0129nh \u0111i\u1ec7n ch\u00e2n th\u00e9p<\/strong><\/td>\n<\/tr>\n<\/tbody>\n<\/table>\n<p>V\u1edbi n\u1ec1n c\u00f4ng nghi\u1ec7p ph\u00e1t tri\u1ec3n nh\u01b0 v\u0169 b\u00e3o hi\u1ec7n nay, b\u00ean c\u1ea1nh d\u00f3 n\u00f3 l\u1ea1i lu\u00f4n \u0111\u01b0\u01a1ng \u0111\u1ea7u v\u1edbi nhi\u1ec1u r\u1ee7i ro v\u1ec1 t\u0129nh \u0111i\u1ec7n cho con ng\u01b0\u1eddi \u1edf trong kh\u00e2u s\u1ea3n xu\u1ea5t v\u00e0 n\u01a1i l\u00e0m vi\u1ec7c.\u00a0<strong>Gh\u1ebf ch\u1ed1ng t\u0129nh \u0111i\u1ec7n\u00a0<\/strong>ph\u00f2ng ch\u1ed1ng t\u0129nh \u0111i\u1ec7n, \u0111\u1ea3m b\u1ea3o \u0111\u1ed9 an to\u00e0n cao cho ng\u01b0\u1eddi s\u1ea3n xu\u1ea5t v\u00e0 m\u00f4i tr\u01b0\u1eddng l\u00e0m vi\u1ec7c.<\/p>\n<p><img loading=\"lazy\" decoding=\"async\" class=\"aligncenter size-full wp-image-1031\" src=\"https:\/\/laprovina.com\/wp-content\/uploads\/2024\/04\/ghe-chong-tinh-dien-chan-thep.jpg\" alt=\"\" width=\"600\" height=\"614\" \/><\/p>\n<p align=\"center\">\n<p align=\"center\"><em>Gh\u1ebf d\u1ef1a ch\u1ed1ng t\u0129nh \u0111i\u1ec7n ch\u00e2n th\u00e9p<\/em><\/p>\n<p>\u00a0&#8211;\u00a0\u00a0\u00a0\u00a0\u00a0\u00a0\u00a0\u00a0 Ch\u1ea5t li\u1ec7u v\u00e0 ki\u1ec3u d\u00e1ng lu\u00f4n \u0111\u01b0\u1ee3c nh\u00e0 s\u1ea3n xu\u1ea5t h\u01b0\u1edbng t\u1edbi ng\u01b0\u1eddi d\u00f9ng, l\u00e0m gi\u1ea3m thi\u1ec3u s\u1ef1 m\u1ec7t m\u1ecfi cho l\u01b0ng v\u00e0 h\u00f4ng.<\/p>\n<p>&#8211;\u00a0\u00a0\u00a0\u00a0\u00a0\u00a0\u00a0\u00a0 M\u1eb7t gh\u1ebf \u00a0PVC\/PVC v\u1edbi thi\u1ebft k\u1ebf gi\u1ea3 da ch\u1ed1ng t\u0129nh \u0111i\u1ec7n cao, nhi\u1ec1u m\u00e0u s\u1eafc kh\u00e1c nhau cho b\u1ea1n l\u1ef1a ch\u1ecdn.<\/p>\n<p>&#8211;\u00a0\u00a0\u00a0\u00a0\u00a0\u00a0\u00a0\u00a0 S\u1ee9c b\u1ec1n b\u1ec1 m\u1eb7t\u00a0<em>Gh\u1ebf d\u1ef1a ch\u1ed1ng t\u0129nh \u0111i\u1ec7n ch\u00e2n th\u00e9p<\/em>: 10^6 ~ 19^9 \u03a9<\/p>\n<p>&#8211;\u00a0\u00a0\u00a0\u00a0\u00a0\u00a0\u00a0\u00a0 S\u1ea3n ph\u1ea9m \u0111\u01b0\u1ee3c thi\u1ebft k\u1ebf v\u1edbi 4 ch\u00e2n gh\u1ebf m\u1ea1 crom c\u1ed1 \u0111\u1ecbnh kh\u00f4ng g\u1ec9 s\u00e9t v\u00e0 ch\u1ed1ng b\u00e1m b\u1ee5i trong m\u1ecdi m\u00f4i tr\u01b0\u1eddng l\u00e0m vi\u1ec7c.<\/p>\n<p>&#8211;\u00a0\u00a0\u00a0\u00a0\u00a0\u00a0\u00a0\u00a0 Gh\u1ebf ng\u1ed3i 430X400mm<\/p>\n<p>&#8211;\u00a0\u00a0\u00a0\u00a0\u00a0\u00a0\u00a0\u00a0 Chi\u1ec1u cao t\u1ed1i \u0111a 480mm-620mm h\u1ee3p l\u00fd v\u1edbi nhi\u1ec1u lo\u1ea1i b\u00e0n l\u00e0m vi\u1ec7c.<\/p>\n<p>C\u00f4ng ty TNHH Lapro Vina lu\u00f4n h\u01b0\u1edbng t\u1edbi kh\u00e1ch h\u00e0ng, t\u1eeb m\u1eabu m\u00e3 s\u1ea3n ph\u1ea9m v\u00e0 gi\u00e1 c\u1ea3. V\u1edbi s\u1ea3n ph\u1ea9m gh\u1ebf ch\u1ed1ng t\u0129nh \u0111i\u1ec7n cung c\u1ea5p ra th\u1ecb tr\u01b0\u1eddng v\u00e0 c\u00e1c khu c\u00f4ng nghi\u1ec7p v\u1edbi nhi\u1ec1u s\u1ea3n ph\u1ea9m v\u00e0 m\u1eabu m\u00e3 kh\u00e1c nhau, m\u1ee9c gi\u00e1 c\u1ea1nh tranh t\u1ed1t nh\u1ea5t. Ngo\u00e0i ra,C\u00f4ng ty TNHH Lapro Vina c\u00f2n nh\u1eadn \u0111\u1eb7t c\u00e1c lo\u1ea1i <em><strong>gh\u1ebf ch\u1ed1ng t\u0129nh \u0111i\u1ec7n\u00a0<\/strong><\/em>theo y\u00eau c\u1ea7u ri\u00eang c\u1ee7a t\u1eebng kh\u00e1ch h\u00e0ng.<\/p>\n<p><em><strong>\u00a0\u00a0\u00a0\u00a0\u00a0\u00a0\u00a0\u00a0\u00a0\u00a0\u00a0\u00a0 H\u00e3y g\u1ecdi cho ch\u00fang t\u00f4i ngay khi b\u1ea1n c\u1ea7n v\u1edbi gi\u00e1 t\u1ed1t nh\u1ea5t:<\/strong><\/em><\/p>\n","protected":false},"excerpt":{"rendered":"<p>Gh\u1ebf d\u1ef1a ch\u1ed1ng t\u0129nh \u0111i\u1ec7n ch\u00e2n th\u00e9p V\u1edbi n\u1ec1n c\u00f4ng nghi\u1ec7p ph\u00e1t tri\u1ec3n nh\u01b0 v\u0169 b\u00e3o hi\u1ec7n nay, b\u00ean c\u1ea1nh d\u00f3 n\u00f3 l\u1ea1i lu\u00f4n \u0111\u01b0\u01a1ng \u0111\u1ea7u v\u1edbi nhi\u1ec1u r\u1ee7i ro v\u1ec1 t\u0129nh \u0111i\u1ec7n cho con ng\u01b0\u1eddi \u1edf trong kh\u00e2u s\u1ea3n xu\u1ea5t v\u00e0 n\u01a1i l\u00e0m vi\u1ec7c.\u00a0Gh\u1ebf ch\u1ed1ng t\u0129nh \u0111i\u1ec7n\u00a0ph\u00f2ng ch\u1ed1ng t\u0129nh \u0111i\u1ec7n, \u0111\u1ea3m b\u1ea3o \u0111\u1ed9 an&#8230;<\/p>\n","protected":false},"featured_media":1031,"comment_status":"open","ping_status":"closed","template":"","meta":{"_acf_changed":false},"product_brand":[],"product_cat":[88],"product_tag":[],"class_list":{"0":"post-1030","1":"product","2":"type-product","3":"status-publish","4":"has-post-thumbnail","6":"product_cat-ghe","8":"first","9":"instock","10":"shipping-taxable","11":"product-type-simple"},"acf":[],"_links":{"self":[{"href":"https:\/\/laprovina.com\/index.php?rest_route=\/wp\/v2\/product\/1030","targetHints":{"allow":["GET"]}}],"collection":[{"href":"https:\/\/laprovina.com\/index.php?rest_route=\/wp\/v2\/product"}],"about":[{"href":"https:\/\/laprovina.com\/index.php?rest_route=\/wp\/v2\/types\/product"}],"replies":[{"embeddable":true,"href":"https:\/\/laprovina.com\/index.php?rest_route=%2Fwp%2Fv2%2Fcomments&post=1030"}],"wp:featuredmedia":[{"embeddable":true,"href":"https:\/\/laprovina.com\/index.php?rest_route=\/wp\/v2\/media\/1031"}],"wp:attachment":[{"href":"https:\/\/laprovina.com\/index.php?rest_route=%2Fwp%2Fv2%2Fmedia&parent=1030"}],"wp:term":[{"taxonomy":"product_brand","embeddable":true,"href":"https:\/\/laprovina.com\/index.php?rest_route=%2Fwp%2Fv2%2Fproduct_brand&post=1030"},{"taxonomy":"product_cat","embeddable":true,"href":"https:\/\/laprovina.com\/index.php?rest_route=%2Fwp%2Fv2%2Fproduct_cat&post=1030"},{"taxonomy":"product_tag","embeddable":true,"href":"https:\/\/laprovina.com\/index.php?rest_route=%2Fwp%2Fv2%2Fproduct_tag&post=1030"}],"curies":[{"name":"wp","href":"https:\/\/api.w.org\/{rel}","templated":true}]}}