{"id":948,"date":"2024-04-11T06:52:40","date_gmt":"2024-04-11T06:52:40","guid":{"rendered":"https:\/\/laprovina.com\/?post_type=product&#038;p=948"},"modified":"2025-10-13T05:51:38","modified_gmt":"2025-10-13T05:51:38","slug":"giay-lau-phong-sach-bemcot-m3","status":"publish","type":"product","link":"https:\/\/laprovina.com\/?product=giay-lau-phong-sach-bemcot-m3","title":{"rendered":"GI\u1ea4Y LAU PH\u00d2NG S\u1ea0CH BEMCOT M3"},"content":{"rendered":"<h1>Gi\u1ea5y lau ph\u00f2ng s\u1ea1ch Bemcot M3<\/h1>\n<p>S\u1ea3n ph\u1ea9m\u00a0<strong>gi\u1ea5y lau ph\u00f2ng s\u1ea1ch Bemcot M3<\/strong>\u00a0\u0111\u01b0\u1ee3c s\u1eed d\u1ee5ng r\u1ed9ng r\u00e3i trong c\u00e1c ng\u00e0nh c\u00f4ng nghi\u1ec7p b\u0103ng t\u1eeb, s\u1ea3n xu\u1ea5t \u0111i\u1ec7n tho\u1ea1i \u2026, Gi\u1ea5y lau ph\u00f2ng s\u1ea1ch \u0111\u01b0\u1ee3c nh\u1eadp kh\u1ea9u v\u1edbi ch\u1ea5t l\u01b0\u1ee3ng gi\u1ea5y b\u00e1m b\u1ee5i t\u1ed1t.<\/p>\n<p><img loading=\"lazy\" decoding=\"async\" class=\"aligncenter size-full wp-image-952\" src=\"https:\/\/laprovina.com\/wp-content\/uploads\/2024\/04\/giay-lau-fong-sach.jpg\" alt=\"\" width=\"600\" height=\"680\" \/><img decoding=\"async\" src=\"https:\/\/megaline.com.vn\/upload\/images\/giay%20lau%20phong%20sach%20m3.jpg\" alt=\"\" \/><\/p>\n<p><em>Gi\u1ea5y lau ph\u00f2ng s\u1ea1ch Bemcot M3<\/em><\/p>\n<p>S\u1ea3n ph\u1ea9m\u00a0<strong>gi\u1ea5y lau ph\u00f2ng s\u1ea1ch<\/strong>\u00a0\u0111\u01b0\u1ee3c s\u1ea3n xu\u1ea5t tr\u00ean d\u00e2y chuy\u1ec1n Nh\u1eadt B\u1ea3n, ch\u00fang t\u00f4i chuy\u00ean cung c\u1ea5p s\u1ea3n ph\u1ea9m ch\u1ea5t l\u01b0\u1ee3ng cao, gi\u00e1 r\u1ebb. Gi\u1ea5y lau ph\u00f2ng s\u1ea1ch chuy\u00ean d\u00f9ng trong c\u00e1c khu c\u00f4ng nghi\u1ec7p \u0111i\u1ec7n t\u1eed, vi \u0111i\u1ec7n t\u1eed, b\u1ea3ng m\u1ea1ch \u0111i\u1ec7n.v.v.. \u00a0Gi\u1ea5y ch\u1ea5t l\u01b0\u1ee3ng t\u1ed1t, m\u1ec1n m\u1ea1i, \u0111\u1ed9 dai c\u1ee7a gi\u1ea5y t\u1ed1t b\u1ecb r\u00e1ch khi s\u1eed d\u1ee5ng, s\u1ea3n xu\u1ea5t 100% s\u1ee3i t\u01a1 nh\u00e2n t\u1ea1o n\u00ean khi lau kh\u00f4ng g\u00e2y tr\u1ea7y s\u01b0\u1edbc khi lau s\u1ea3n ph\u1ea9m,\u00a0<em>gi\u1ea5y lau ph\u00f2ng s\u1ea1ch<\/em>\u00a0l\u00e0 ph\u01b0\u01a1ng ph\u00e1p t\u1ed1t d\u00f9ng trong m\u00f4i tr\u01b0\u1eddng y\u00eau c\u1ea7u cao v\u1ec1 ph\u00f2ng s\u1ea1ch. Th\u01b0\u1eddng trong c\u00f4ng nghi\u1ec7p hi\u1ec7n nay ch\u1ee7 y\u1ebfu s\u1eed d\u00f9ng 3 lo\u1ea1i gi\u1ea5y l\u00e0:<\/p>\n<p>\u00b7\u00a0\u00a0\u00a0\u00a0\u00a0\u00a0\u00a0\u00a0\u00a0Th\u00f4ng tin gi\u1ea5y lau ph\u00f2ng s\u1ea1ch<\/p>\n<p>\u2013\u00a0 S\u1ea3n xu\u1ea5t\u00a0<strong>gi\u1ea5y lau ph\u00f2ng s\u1ea1ch Bemcot M3<\/strong>\u00a0l\u00e0 m\u1ed9t lo\u1ea1i v\u1ea3i kh\u00f4ng d\u1ec7t ph\u1ed5 bi\u1ebfn hi\u1ec7n nay, v\u1edbi th\u00e0nh ph\u1ea7n 100% s\u1ee3i t\u01a1 nh\u00e2n t\u1ea1o h\u1ea5p th\u1ee5 r\u1ea5t t\u1ed1t.<\/p>\n<p>\u2013\u00a0 C\u00e1c t\u1ea5m c\u00f3 k\u00edch th\u01b0\u1edbc 9\u2033 x 9\u2033 (250 mm x 250 mm) thi\u1ebft k\u1ebf \u0111\u1ec3 ph\u00f9 h\u1ee3p v\u1edbi b\u00e0n tay ng\u01b0\u1eddi d\u00f9ng.<\/p>\n<p>\u2013\u00a0 M\u1ec1m m\u1ea1i v\u00e0 \u00edt b\u1ecb x\u01a1 v\u1ea3i, n\u00ean kh\u00f4ng g\u00e2y \u1ea3nh h\u01b0\u1edfng \u0111\u1ebfn s\u1ea3n ph\u1ea9m.<\/p>\n<p>\u2013\u00a0 Ch\u1ecbu nhi\u1ec7t t\u1ed1t, \u0111\u1ec3 l\u00e0m s\u1ea1ch trang thi\u1ebft b\u1ecb c\u00f3 nhi\u1ec7t \u0111\u1ed9 cao trong m\u00f4i tr\u01b0\u1eddng ph\u00f2ng s\u1ea1ch.<\/p>\n<p>\u2013\u00a0 Quy c\u00e1ch \u0111\u00f3ng g\u00f3i: 100 c\u00e1i \/ g\u00f3i ho\u1eb7c 30 g\u00f3i \/ th\u00f9ng.<\/p>\n<h1 style=\"text-align: center;\"><strong><span class=\"text\">C\u00f4ng ty TNHH Lapro Vina <\/span><\/strong><\/h1>\n<div><span class=\"text\">S\u1ed1 2 ph\u1ed1 D\u01b0\u01a1ng \u0110\u00f4n C\u01b0\u01a1ng, ph\u01b0\u1eddng Khai Quang, TP V\u0129nh Y\u00ean, V\u0129nh Ph\u00fac<\/span><\/div>\n<div><span class=\"text\"> webmail: <\/span><a class=\"text-is-email\" href=\"mailto:lapro@laprovina.com\" target=\"_blank\" rel=\"noopener\" data-z-element-type=\"email\">lapro@laprovina.com<\/a><\/div>\n<div><span class=\"text\">Ph\u00f2ng kinh doanh: <\/span><a class=\"text-is-email\" href=\"mailto:kinhdoanh@laprovina.com\" target=\"_blank\" rel=\"noopener\" data-z-element-type=\"email\">kinhdoanh@laprovina.com<\/a><\/div>\n<div><span class=\"text\">Hotline: <\/span><a class=\"text-is-phone-number\" data-z-element-type=\"phone-number\">0986.252.777<\/a><span class=\"text\"> website: <\/span><a class=\"text-is-link\" target=\"_blank\" rel=\"noopener noreferrer\" data-z-element-type=\"link\">https:\/\/laprovina.com<\/a><\/div>\n<div><strong style=\"color: #555555;\"><em>H\u00e3y g\u1ecdi cho ch\u00fang t\u00f4i ngay khi b\u1ea1n c\u1ea7n v\u1edbi gi\u00e1 t\u1ed1t nh\u1ea5t<\/em><\/strong><\/div>\n","protected":false},"excerpt":{"rendered":"<p>Gi\u1ea5y lau ph\u00f2ng s\u1ea1ch Bemcot M3 S\u1ea3n ph\u1ea9m\u00a0gi\u1ea5y lau ph\u00f2ng s\u1ea1ch Bemcot M3\u00a0\u0111\u01b0\u1ee3c s\u1eed d\u1ee5ng r\u1ed9ng r\u00e3i trong c\u00e1c ng\u00e0nh c\u00f4ng nghi\u1ec7p b\u0103ng t\u1eeb, s\u1ea3n xu\u1ea5t \u0111i\u1ec7n tho\u1ea1i \u2026, Gi\u1ea5y lau ph\u00f2ng s\u1ea1ch \u0111\u01b0\u1ee3c nh\u1eadp kh\u1ea9u v\u1edbi ch\u1ea5t l\u01b0\u1ee3ng gi\u1ea5y b\u00e1m b\u1ee5i t\u1ed1t. Gi\u1ea5y lau ph\u00f2ng s\u1ea1ch Bemcot M3 S\u1ea3n ph\u1ea9m\u00a0gi\u1ea5y lau ph\u00f2ng s\u1ea1ch\u00a0\u0111\u01b0\u1ee3c s\u1ea3n&#8230;<\/p>\n","protected":false},"featured_media":952,"comment_status":"open","ping_status":"closed","template":"","meta":{"_acf_changed":false},"product_brand":[],"product_cat":[61],"product_tag":[],"class_list":{"0":"post-948","1":"product","2":"type-product","3":"status-publish","4":"has-post-thumbnail","6":"product_cat-giay-lau-phong-sach","8":"first","9":"instock","10":"shipping-taxable","11":"product-type-simple"},"acf":[],"_links":{"self":[{"href":"https:\/\/laprovina.com\/index.php?rest_route=\/wp\/v2\/product\/948","targetHints":{"allow":["GET"]}}],"collection":[{"href":"https:\/\/laprovina.com\/index.php?rest_route=\/wp\/v2\/product"}],"about":[{"href":"https:\/\/laprovina.com\/index.php?rest_route=\/wp\/v2\/types\/product"}],"replies":[{"embeddable":true,"href":"https:\/\/laprovina.com\/index.php?rest_route=%2Fwp%2Fv2%2Fcomments&post=948"}],"wp:featuredmedia":[{"embeddable":true,"href":"https:\/\/laprovina.com\/index.php?rest_route=\/wp\/v2\/media\/952"}],"wp:attachment":[{"href":"https:\/\/laprovina.com\/index.php?rest_route=%2Fwp%2Fv2%2Fmedia&parent=948"}],"wp:term":[{"taxonomy":"product_brand","embeddable":true,"href":"https:\/\/laprovina.com\/index.php?rest_route=%2Fwp%2Fv2%2Fproduct_brand&post=948"},{"taxonomy":"product_cat","embeddable":true,"href":"https:\/\/laprovina.com\/index.php?rest_route=%2Fwp%2Fv2%2Fproduct_cat&post=948"},{"taxonomy":"product_tag","embeddable":true,"href":"https:\/\/laprovina.com\/index.php?rest_route=%2Fwp%2Fv2%2Fproduct_tag&post=948"}],"curies":[{"name":"wp","href":"https:\/\/api.w.org\/{rel}","templated":true}]}}